 + 17?
-44bd0
In base 12, what is 19ab8491 - 4?
19ab8489
In base 15, what is 9187 - -78?
9210
In base 6, what is 204 - 15402204?
-15402000
In base 3, what is 12 + -1000200112200100?
-1000200112200011
In base 13, what is c66 - -9a5?
193b
In base 4, what is -233300320 - -11122?
-233223132
In base 8, what is 32440 - -564?
33224
In base 2, what is -100011110111 + -11010000101100101?
-11010101001011100
In base 5, what is 302000040 - 20?
302000020
In base 12, what is -4795 + 8034?
345b
In base 2, what is 1001001 - -1010011011110010101001?
1010011011110011110010
In base 8, what is 2503604 - 6?
2503576
In base 2, what is -11 + -1111001111000000010000?
-1111001111000000010011
In base 11, what is 19 - 33190a7?
-3319089
In base 12, what is 138 + 55484?
55600
In base 13, what is -15c9a4 - 20?
-15c9c4
In base 11, what is -44 + 2a5a7?
2a563
In base 15, what is -97 - -1633b?
16294
In base 12, what is -2a663 - 708?
-2b16b
In base 6, what is -5 + -203131203?
-203131212
In base 4, what is 2302233202032 + -2?
2302233202030
In base 11, what is -1329162 + -7?
-1329169
In base 15, what is -12dd8699 - 3?
-12dd869c
In base 5, what is 2 + -1344123133?
-1344123131
In base 16, what is 7 - -33c19?
33c20
In base 6, what is -322 + 45320342?
45320020
In base 3, what is -21022220210000 - 110?
-21022220210110
In base 11, what is 58 + 105285?
105332
In base 9, what is -1521608452 - 5?
-1521608457
In base 7, what is 1320 - 66604?
-65254
In base 9, what is -137 - 20075?
-20223
In base 5, what is 30114 - -100122122?
100202241
In base 15, what is -1c + 591c2?
591a5
In base 12, what is 314b6928 - 3?
314b6925
In base 14, what is 379c6 + -490?
37536
In base 4, what is -3122212113 - 10?
-3122212123
In base 14, what is 7b - -91a9b?
91b38
In base 10, what is -3 + -50708704?
-50708707
In base 10, what is -59855 - 216?
-60071
In base 7, what is -11132 - 1544?
-13006
In base 2, what is -10110010111101001010 - -11?
-10110010111101000111
In base 14, what is 86d9 + -298?
8441
In base 6, what is 1524555423 + 3?
1524555430
In base 6, what is -32 + -11313432?
-11313504
In base 14, what is -2b + -910320?
-91034b
In base 6, what is 3053 - 1551425?
-1544332
In base 6, what is 4332114 - 531?
4331143
In base 7, what is 2 + -360011664?
-360011662
In base 11, what is -3 + -2055716?
-2055719
In base 6, what is 2025431404 - 21?
2025431343
In base 7, what is -534015413 + 3?
-534015410
In base 4, what is -2220 - 103322110121?
-103322113001
In base 9, what is -4122737 - 21?
-4122758
In base 8, what is 425640 - 447?
425171
In base 4, what is -203312333010020 - -2?
-203312333010012
In base 14, what is 26 + 38556?
3857c
In base 15, what is 4 + -616c345?
-616c341
In base 11, what is -11 + -104258?
-104269
In base 3, what is 200110021 - -1101221?
201212012
In base 4, what is 0 + -11132230113?
-11132230113
In base 15, what is 12 - d984?
-d972
In base 3, what is 1 - 2010220000002?
-2010220000001
In base 8, what is -66 + 5445537?
5445451
In base 12, what is -7 - 2ab31ab?
-2ab31b6
In base 14, what is 59ab4 + 348?
5a01c
In base 16, what is 11f - 13ef7c?
-13ee5d
In base 5, what is 111 + -2233311?
-2233200
In base 15, what is b80a - aa9?
ac51
In base 9, what is 876031885 - 0?
876031885
In base 15, what is 3035a + d2?
3043c
In base 2, what is 11000 - 1001100100111001101100001?
-1001100100111001101001001
In base 2, what is -101 + 11011110000101010110111?
11011110000101010110010
In base 7, what is -13 - 11155613?
-11155626
In base 2, what is -111001000110 + 1001111110011111?
1001000101011001
In base 6, what is -3 - 1230321503?
-1230321510
In base 4, what is -10 + -3301232012103?
-3301232012113
In base 6, what is 20221310 - 14?
20221252
In base 16, what is -257c - -c0?
-24bc
In base 7, what is -4644624 + -10?
-4644634
In base 14, what is -469a1 + -883?
-47444
In base 2, what is -1000110111010 - 100011110100101?
-101100101011111
In base 12, what is 6594 - 753?
5a41
In base 5, what is -34144 - -1422?
-32222
In base 16, what is -13a + be6?
aac
In base 13, what is 867 - -15c26?
16790
In base 9, what is 5 + 1680064?
1680070
In base 9, what is -86877100 + 5?
-86877084
In base 15, what is 1 - 33aee8e?
-33aee8d
In base 8, what is 133 + 1411074?
1411227
In base 15, what is 2c - -307ac?
307d9
In base 10, what is -7 - -69996803?
69996796
In base 13, what is -541b - -1609?
-3b12
In base 9, what is 40356 - 71383?
-31026
In base 16, what is 152180f + 1?
1521810
In base 3, what is 10001222201110212 + -10?
10001222201110202
In base 11, what is -2756 - -2a231?
27586
In base 10, what is -318492 - -17?
-318475
In base 15, what is bb - -69a04?
69ac0
In base 15, what is 22246c - -4?
222471
In base 10, what is 2 + 272154654?
272154656
In base 4, what is -10 + 1312201132?
1312201122
In base 15, what is 8012 - e1b?
70e6
In base 13, what is -1386 + 14805?
1344c
In base 15, what is -b3 - -247596?
2474d3
In base 6, what is -3155355 - -20300?
-3135055
In base 3, what is 22202000222120 + 12?
22202000222202
In base 16, what is 11 - 275ee3?
-275ed2
In base 2, what is 10110010001 + 1101000100011110?
1101011010101111
In base 16, what is -fc5 - 5c2?
-1587
In base 14, what is 83c1d4 - 0?
83c1d4
In base 12, what is 947714 - 216?
9474ba
In base 4, what is -10 - -12310232221?
12310232211
In base 13, what is -1a1 - 1a2a6?
-1a477
In base 7, what is 16 + 36213063?
36213112
In base 15, what is 3 + -251eda?
-251ed7
In base 9, what is 138 + 3503680?
3503828
In base 14, what is a32c492 - 1?
a32c491
In base 9, what is 664232 + 32?
664264
In base 10, what is -111564 + 1933?
-109631
In base 15, what is -4ab029 + -6?
-4ab030
In base 2, what is 1010000110100101010000 - 101?
1010000110100101001011
In base 5, what is 1301 - -13040224?
13042030
In base 15, what is 1849 + 5cd21?
5e66a
In base 4, what is -3121222023 + -111?
-3121222200
In base 10, what is 0 + 4334859?
4334859
In base 6, what is -211145 + -1044?
-212233
In base 3, what is 20 + -22211021120100?
-22211021120010
In base 4, what is 20113 + 32021013?
32101132
In base 15, what is -7 - 1056aa?
-1056b2
In base 14, what is 1a8a7c2 + 9?
1a8a7cb
In base 2, what is -1001001011001011011011100 - 1000?
-1001001011001011011100100
In base 10, what is -447731 - -128?
-447603
In base 13, what is -10 - -532920?
532910
In base 8, what is -347054 + -656?
-347732
In base 7, what is -14 + 1224325606?
1224325562
In base 4, what is -3 + 32120213032?
32120213023
In base 14, what is -20a654 - 32?
-20a686
In base 4, what is -323 - 213313130201?
-213313131130
In base 8, what is 47731723 + -65?
47731636
In base 3, what is 20000101011021 + -10121?
20000101000200
In base 7, what is 35 + -536434?
-536366
In base 10, what is 5 - 80171714?
-80171709
In base 6, what is -10 - -42022324?
42022314
In base 16, what is -4f3 + 42bce?
426db
In base 8, what is 1506156 + 30?
1506206
In base 11, what is 164 + 169469?
169622
In base 10, what is 515975620 - 2?
515975618
In base 4, what is 10320222 + 21123?
11002011
In base 8, what is 24 + -25456256?
-25456232
In base 12, what is -b78a31 - -11?
-b78a20
In base 16, what is -8d - 1fc6d?
-1fcfa
In base 6, what is -523 - 1414434?
-1415401
In base 5, what is -401412 - -43?
-401314
In base 7, what is -120351433 - 2?
-120351435
In base 8, what is -61 + 15367747?
15367666
In base 8, what is 5 - 33332225?
-33332220
In base 9, what is -5 - 103570587?
-103570603
In base 15, what is 3c - -d2b6eb?
d2b738
In base 12, what is 4 + -a915b294?
-a915b290
In base 8, what is 106255152 - -4?
106255156
In base 2, what is -1010001 + 11110111101111100?
11110111100101011
In base 3, what is -10120001120 - -100021001?
-10012210112
In base 9, what is -15 - 602137?
-602153
In base 6, what is 211 - -43540233?
43540444
In base 6, what is 300351 + -5?
300342
In base 13, what is 126 + 61508?
61631
In base 5, what is 233 - 4024321?
-4024033
In base 14, what is -6578 + -1cb38?
-252b2
In base 5, what is 3 - 30043233203?
-30043233200
In base 6, what is 105511133 + 10?
105511143
In base 9, what is -6 + -2185687?
-2185704
In base 8, what is 23053532577 - -4?
23053532603
In base 3, what is 222112221102 + -1100?
222112220002
In base 11, what is -232005 + 1a0?
-231915
In base 5, what is -403121433 - 12200?
-403134133
In base 16, what is 90f5af - -14?
90f5c3
In base 5, what is 10 - -233033103?
233033113
In base 10, what is 122386887 - 1?
122386886
